uppose -s - 25 = -5*x + 4*s, 0 = 4*s + 8. Let d(u) = 0*u - 9 - 8*u + 24 - x*u. What is the units digit of d(-9)?
4
Suppose 265 + 751 = v. Suppose 4*q - 832 = v. What is the units digit of q?
2
Suppose 2*k - b + 4041 = 0, 3*k - 3*b = -k - 8079. Let v = -1262 - k. Suppose 200 + v = 8*o. What is the units digit of o?
0
Suppose 0 = f + f - 2*z - 20, 3*z = 2*f - 23. Let l be 10/70 + 34*1/f. Suppose 0 = l*w - 273 + 63. What is the units digit of w?
2
Let u(p) = p**2 - 58*p + 601. What is the hundreds digit of u(-70)?
5
Let a(k) = 69*k**2 - 30*k - 134. What is the units digit of a(-5)?
1
Let t(m) = -6*m + 3. Let g be t(1). Let h be 5 + g/((-12)/(-40)). Let j(k) = -20*k - 3. What is the units digit of j(h)?
7
Let v(i) = 9*i**3 - 85*i**2 - 16*i + 91. What is the thousands digit of v(19)?
0
Suppose 16 - 126 = -11*r. Suppose -r*t = -3*t - 2520. What is the hundreds digit of t?
3
Let u = 133984 + -88662. What is the units digit of u?
2
Let n = -118071 + 176578. What is the tens digit of n?
0
What is the units digit of -6360*((12/(-18))/2 - (-1 - -2))?
0
Let y be (65/2)/(4/(-8)). Let p = 31 + y. Let m = 83 + p. What is the units digit of m?
9
Suppose -7*j + 1885 = 6*j. Suppose -j - 989 = -6*f. What is the hundreds digit of f?
1
Suppose -4*b = -5*g + 11*g - 163300, 5*b - g = 204091. What is the tens digit of b?
1
Let a = -263 - -265. Suppose 0 = a*u + 40*j - 36*j - 1566, j = 3*u - 2342. What is the tens digit of u?
8
Suppose -3*i + 199 = -a, 0 = -5*i - 2*a + 154 + 163. Let b = 1239 + i. What is the thousands digit of b?
1
Suppose 3*l + 3 + 0 = 0. Let n be l + 0/3 + -1 - -2. Suppose n = -11*q - q + 1428. What is the units digit of q?
9
Suppose -30*z - 5281 = -33*z + 2*i, -i + 3516 = 2*z. Let a = z + -800. What is the hundreds digit of a?
9
Let c be (10 - 0)/((-20)/4 + 3). What is the tens digit of 72*(c/1 - (-32)/4)?
1
What is the tens digit of (531/36 - 15) + 187146/8?
9
Suppose -3979 - 1 = -3*q + 4*r, -2*r + 1340 = q. Suppose 2*o + q = 4*x, -5*o = -3*x + 624 + 368. What is the hundreds digit of x?
3
Suppose 3*f + 4*v + 318 = 74, v - 2 = 0. What is the hundreds digit of ((-189)/f)/(-2 + (-1058)/(-528))?
5
Let i(b) = -10*b + 10. Let k be i(-18). Let d = k + 58. What is the tens digit of d?
4
Suppose 4*b - 2*g - 11 - 15 = 0, 3*b + 3*g + 3 = 0. What is the tens digit of b + (163 - -1)/2 + 4?
9
Let n be (62/3 - -2)/(12/(-18)). Let a = n - -83. What is the tens digit of a?
4
Suppose -4*u + 1806 + 866 = 0. Suppose 176 - u = -2*c. What is the hundreds digit of c?
2
Let o = 13 + 62. What is the units digit of (-56)/5*o/(-5)?
8
Suppose -m + 3 = 3*t - 3, 3*m + 2 = t. Suppose 0 = t*x - 0*x - 2*w - 750, -2*x + 765 = w. Suppose -48*k + 44*k + x = 0. What is the tens digit of k?
9
Let s(j) = 2*j**2 - 37*j + 2. Let r be s(19). Let i be (60/r)/(4/28). Let p = 36 + i. What is the units digit of p?
6
Let z = -2773 - -14278. What is the hundreds digit of z?
5
Suppose 2*z = 8*z - 228. Let d = -30 + z. What is the tens digit of (844/16 + -4)/(2/d)?
9
Suppose -4*f + 20276 = 5*s, -2*s + 8111 = -18*f + 19*f. Let w = s - 2792. What is the units digit of w?
4
Suppose 2*v - 4*c = 13228, 3*c = -4*v - 2*c + 26495. What is the units digit of v?
0
Suppose -3*d = -5*d. Let g be 2/(-12)*(-29 + -148)*4. Suppose d = -9*v + 514 - g. What is the tens digit of v?
4
Let u(n) = -10*n**2 + 73 - 62 - 8*n + n**3 - 3*n**2 + 2*n**2 - 2*n**3. Let c(x) = -12*x + 1. Let b be c(1). What is the tens digit of u(b)?
9
Let t(l) = 8651*l - 2068. What is the thousands digit of t(4)?
2
Let l(y) = -22*y + 68. Let i(h) = -23*h + 69. Let x(j) = -6*i(j) + 5*l(j). What is the tens digit of x(19)?
5
What is the hundreds digit of (33004/111)/((-15)/(-18)) + (-3)/(-15)?
3
Let c(p) = p**3 - 9*p**2 - 6*p - 9. Let s be c(11). Let q(l) = 67*l**3 - 4*l - 3. Let n be q(-1). Let h = n + s. What is the units digit of h?
1
Let j = -93 + 98. Let f be (-465)/(-5) - -2 - 2. Suppose -f = -j*q + 62. What is the units digit of q?
1
Let p = -691 + 1331. Suppose -4*c = 2*h + p, -c + 5*h - 332 = c. Let x = 254 + c. What is the units digit of x?
3
Let c be (12/(-14))/(63/98)*-3. Let x(n) = -10 + 40*n + 13 + 12 + 18. What is the tens digit of x(c)?
9
Let l be (140/34 - 4/34) + -347. Let m = 640 + l. What is the hundreds digit of m?
2
Suppose 0 = -5*a + 7*z + 12522, -4*a + z = -6729 - 3261. What is the thousands digit of a?
2
Suppose -13*m = -2*m + 3*g - 640036, -2*m + 116346 = 4*g. What is the ten thousands digit of m?
5
Let b(d) = 570*d**2 - 4*d + 4. Suppose y + 4*j - 21 = 0, 4*y + 3*j - 1 = 18. What is the hundreds digit of b(y)?
5
Suppose -17*q - 16 = -21*q. What is the tens digit of (-6)/((-390)/53599) + q/10?
2
Let r(z) be the second derivative of z**5/20 - z**4/2 + 5*z**3/3 + z**2 - 28*z. Let n be r(3). Suppose -n*k = -6*k + 102. What is the tens digit of k?
0
Let m = 35 + -32. Suppose w = 5 - 10, -3*u = -m*w - 1293. What is the hundreds digit of u?
4
What is the units digit of (-18)/((-270)/345) - (0 - -2)?
1
Let c = -83936 + 151218. What is the hundreds digit of c?
2
Suppose 4*b + 61*g - 353320 = 65*g, -b + 4*g = -88318. What is the thousands digit of b?
8
Suppose 5*g + 706 = 2836. Let c = g - 142. Suppose c = -9*y + 11*y. What is the tens digit of y?
4
Let s = -24064 - -36324. What is the hundreds digit of s/28 - 12/14?
4
Let o(v) be the third derivative of -v**6/120 + 13*v**5/30 - 43*v**4/12 + 2*v**3/3 - 64*v**2. What is the tens digit of o(22)?
4
What is the thousands digit of (4544/(-12))/4*(-2)/((-24)/(-1530))?
2
Suppose 5*z - 14930 = -2*i - 3*i, 2*i = 5*z + 5972. Suppose -8*u - 186 = -i. Suppose -5*a = -2*f + u, f = -5*a + 38 + 167. What is the tens digit of f?
8
Let r = 75 - 47. Suppose r*l - 10656 = -8*l. What is the tens digit of l?
9
Let y(d) be the first derivative of 15*d**2 - 91*d - 44. What is the units digit of y(15)?
9
Suppose 4*y - 4*z + 616 = 0, -y - 115 = -2*z + 34. What is the tens digit of y*(-4 + 1) + 3*-1?
7
Let h(u) = 271*u**2 - 6*u - 6. Let x be 0 + (1/1)/(19/38). What is the units digit of h(x)?
6
Let f(p) = -4*p - 10. Let z be f(-3). Suppose -4*m - 4 - 8 = -z*c, -4*m + 12 = 4*c. What is the units digit of (-2 - 0) + c + 7?
9
Suppose -3*d - 15 = -3*h, 2*h + 224*d - 229*d - 1 = 0. Let j(o) = -14*o + 16 + 16 - 3 + 3*o**2. What is the tens digit of j(h)?
0
Suppose 3417 = -16*k + 45513. Suppose 7*f - 10*f = -k. What is the units digit of f?
7
Let o(v) = v + 34. Let f be o(-14). Let j(q) = -f + 5 + 2*q + 2*q + 7*q. What is the tens digit of j(6)?
5
Let b = 6845 + -9718. Let w = 4902 + b. What is the hundreds digit of w?
0
Let f = 102540 + -58156. What is the units digit of f?
4
Let v(p) = 2*p**3 + 9*p**2 - p. Let z be v(-7). Let j = z - -968. What is the tens digit of j?
3
Let i(p) = -98*p + 10. Let c be i(5). Let m = 955 + c. What is the units digit of m?
5
What is the units digit of (-1086)/9*(-2 + (-159)/6)?
9
Let z = 44844 + -18778. What is the units digit of z?
6
Let k be 1961 + 1*-2*(4 - 3). Suppose 39*n = 36*n + k. What is the tens digit of n?
5
Let i = 545 + -190. Let v = i + -163. What is the tens digit of v?
9
Let l = -1428 - -782. What is the hundreds digit of l/(-57)*57/2?
3
Let z = 294 + -431. Suppose 18*a - 25*a = 119. Let p = a - z. What is the tens digit of p?
2
Let g(l) = 17*l**2 - 90*l + 1137. What is the thousands digit of g(43)?
8
Let d(b) be the first derivative of -185*b**2/2 - 62*b - 33. What is the units digit of d(-2)?
8
Let j(y) = 17*y**2 - 44*y + 846. What is the tens digit of j(20)?
6
Let u(i) = -i**3 - 8*i**2 + 13. Let d be u(-8). Suppose -4 + 4 = -d*n. Suppose -3*w - 2*c + n*c + 163 = 0, 2*w + 2*c = 110. What is the tens digit of w?
5
Let o be ((-12)/18)/2 - (-4)/12. What is the hundreds digit of (-8 + 12)*186 + o?
7
Suppose t - 1 = 2*b + 15, -7 = -2*t - b. What is the units digit of (t/9)/(2/9)?
3
Let y = -151 + 233. Suppose -4*g - y - 26 = 0. Let v = 28 - g. What is the tens digit of v?
5
Let y(j) = j**3 - 2*j**2 - 4*j + 1. Let o be y(3). What is the units digit of (-48)/(-64) + o/((-8)/1721)?
1
Suppose -148*u - 107*u + 5217979 = -56*u. What is the thousands digit of u?
6
Suppose -29860 = -13*i - 8137. What is the hundreds digit of i?
6
Suppose -4*z - 2*u + 109206 = 0, -u = 11*z - 13*z + 54609. What is the ten thousands digit of z?
2
Suppose 6*c + 5*t = 2*c + 866, 0 = c + 2*